{"id":497,"date":"2021-05-26T09:56:25","date_gmt":"2021-05-26T09:56:25","guid":{"rendered":"https:\/\/iperattivaweb.it\/straborgo2021\/?post_type=evento&#038;p=497"},"modified":"2021-06-04T16:12:45","modified_gmt":"2021-06-04T16:12:45","slug":"cinema-allaperto-stand-by-me","status":"publish","type":"evento","link":"https:\/\/iperattivaweb.it\/straborgo2021\/evento\/cinema-allaperto-stand-by-me\/","title":{"rendered":"Cinema all\u2019aperto: \u201cStand by me\u201d"},"content":{"rendered":"\t\t<div data-elementor-type=\"wp-post\" data-elementor-id=\"497\" class=\"elementor elementor-497\">\n\t\t\t\t\t\t<section class=\"elementor-section elementor-top-section elementor-element elementor-element-3fb7478e elementor-section-boxed elementor-section-height-default elementor-section-height-default\" data-id=\"3fb7478e\" data-element_type=\"section\">\n\t\t\t\t\t\t<div class=\"elementor-container elementor-column-gap-default\">\n\t\t\t\t\t<div class=\"elementor-column elementor-col-100 elementor-top-column elementor-element elementor-element-7e33b7f6\" data-id=\"7e33b7f6\" data-element_type=\"column\">\n\t\t\t<div class=\"elementor-widget-wrap elementor-element-populated\">\n\t\t\t\t\t\t<div class=\"elementor-element elementor-element-b514ad0 elementor-widget elementor-widget-heading\" data-id=\"b514ad0\" data-element_type=\"widget\" data-widget_type=\"heading.default\">\n\t\t\t\t<div class=\"elementor-widget-container\">\n\t\t\t\t\t<h2 class=\"elementor-heading-title elementor-size-default\"><span class=\"orange\">---<\/span>03<span class=\"orange\">\/<\/span>07<\/h2>\t\t\t\t<\/div>\n\t\t\t\t<\/div>\n\t\t\t\t<div class=\"elementor-element elementor-element-28a6a6d elementor-widget elementor-widget-heading\" data-id=\"28a6a6d\" data-element_type=\"widget\" data-widget_type=\"heading.default\">\n\t\t\t\t<div class=\"elementor-widget-container\">\n\t\t\t\t\t<span class=\"elementor-heading-title elementor-size-default\">ore 22:00\n<br>Parco centro citt\u00e0<\/span>\t\t\t\t<\/div>\n\t\t\t\t<\/div>\n\t\t\t\t<div class=\"elementor-element elementor-element-c059535 elementor-widget elementor-widget-text-editor\" data-id=\"c059535\" data-element_type=\"widget\" data-widget_type=\"text-editor.default\">\n\t\t\t\t<div class=\"elementor-widget-container\">\n\t\t\t\t\t\t\t\t\t<p><strong>Le salon du cin\u00e9ma<\/strong>\u00a0\u00e8 una realt\u00e0 che da otto anni opera sul territorio toscano. La filosofia del nostro progetto \u00e8 quella di far riavvicinare le persone al cinema portando il cinema anche dove non c\u2019\u00e8. L\u2019intento \u00e8 quello di creare aggregazione e socialit\u00e0 attraverso un mezzo che pu\u00f2 diventare il tramite di messaggio importanti e universali. Ecco perch\u00e9 il nostro cinema \u00e8 itinerante, per abbracciare diverse realt\u00e0 e comunit\u00e0 che vogliono condividere con noi, oltre la passione per il cinema, anche ideali di amicizia, tolleranza e condivisione.<\/p><h5><strong>STAND BY ME<\/strong><\/h5><p>Un film del 1986 diretto da Rob Reiner e tratto dal racconto \u201cIl corpo\u201d (The Body), contenuto nella raccolta di novelle \u201cStagioni diverse\u201d di Stephen King.<\/p><p>Estate 1959, Oregon: un gruppo di quattro ragazzi vengono a scoprire del ritrovamento di un cadavere e decidono di andare a cercarlo, motivati da una sorta di voglia di riscatto.<\/p>\t\t\t\t\t\t\t\t<\/div>\n\t\t\t\t<\/div>\n\t\t\t\t\t<\/div>\n\t\t<\/div>\n\t\t\t\t\t<\/div>\n\t\t<\/section>\n\t\t\t\t<\/div>\n\t\t","protected":false},"excerpt":{"rendered":"<p>&#8212;03\/07 ore 22:00 Parco centro citt\u00e0 Le salon du cin\u00e9ma&nbsp;\u00e8 una realt\u00e0 che da otto anni opera sul territorio toscano. La filosofia del nostro progetto \u00e8 quella di far riavvicinare le persone al cinema portando il cinema anche dove non c\u2019\u00e8. L\u2019intento \u00e8 quello di creare aggregazione e socialit\u00e0 attraverso un mezzo che pu\u00f2 diventare [&hellip;]<\/p>\n","protected":false},"author":1,"featured_media":498,"menu_order":0,"template":"","categories":[6,13],"tags":[],"class_list":["post-497","evento","type-evento","status-publish","has-post-thumbnail","hentry","category-03-07","category-parco-centro-citta"],"yoast_head":"<!-- This site is optimized with the Yoast SEO plugin v26.5 - https:\/\/yoast.com\/wordpress\/plugins\/seo\/ -->\n<title>Cinema all&#039;Aperto | Stand By Me | Parco Centro Citt\u00e0 - Straborgo Livorno<\/title>\n<meta name=\"description\" content=\"Cinema all&#039;aperto: Stand by me diretto da Rob Reiner e tratto dal racconto \u201cIl corpo\u201d (The Body), contenuto nella raccolta di Stephen King.\" \/>\n<meta name=\"robots\" content=\"index, follow, max-snippet:-1, max-image-preview:large, max-video-preview:-1\" \/>\n<link rel=\"canonical\" href=\"https:\/\/iperattivaweb.it\/straborgo2021\/evento\/cinema-allaperto-stand-by-me\/\" \/>\n<meta property=\"og:locale\" content=\"it_IT\" \/>\n<meta property=\"og:type\" content=\"article\" \/>\n<meta property=\"og:title\" content=\"Cinema all&#039;Aperto | Stand By Me | Parco Centro Citt\u00e0 - Straborgo Livorno\" \/>\n<meta property=\"og:description\" content=\"Cinema all&#039;aperto: Stand by me diretto da Rob Reiner e tratto dal racconto \u201cIl corpo\u201d (The Body), contenuto nella raccolta di Stephen King.\" \/>\n<meta property=\"og:url\" content=\"https:\/\/iperattivaweb.it\/straborgo2021\/evento\/cinema-allaperto-stand-by-me\/\" \/>\n<meta property=\"og:site_name\" content=\"Straborgo\" \/>\n<meta property=\"article:modified_time\" content=\"2021-06-04T16:12:45+00:00\" \/>\n<meta property=\"og:image\" content=\"https:\/\/iperattivaweb.it\/straborgo2021\/wp-content\/uploads\/2021\/05\/stand-by-me-straborgo.jpg\" \/>\n\t<meta property=\"og:image:width\" content=\"800\" \/>\n\t<meta property=\"og:image:height\" content=\"600\" \/>\n\t<meta property=\"og:image:type\" content=\"image\/jpeg\" \/>\n<meta name=\"twitter:card\" content=\"summary_large_image\" \/>\n<meta name=\"twitter:label1\" content=\"Tempo di lettura stimato\" \/>\n\t<meta name=\"twitter:data1\" content=\"1 minuto\" \/>\n<script type=\"application\/ld+json\" class=\"yoast-schema-graph\">{\"@context\":\"https:\/\/schema.org\",\"@graph\":[{\"@type\":\"WebPage\",\"@id\":\"https:\/\/iperattivaweb.it\/straborgo2021\/evento\/cinema-allaperto-stand-by-me\/\",\"url\":\"https:\/\/iperattivaweb.it\/straborgo2021\/evento\/cinema-allaperto-stand-by-me\/\",\"name\":\"Cinema all'Aperto | Stand By Me | Parco Centro Citt\u00e0 - Straborgo Livorno\",\"isPartOf\":{\"@id\":\"https:\/\/iperattivaweb.it\/straborgo2021\/#website\"},\"primaryImageOfPage\":{\"@id\":\"https:\/\/iperattivaweb.it\/straborgo2021\/evento\/cinema-allaperto-stand-by-me\/#primaryimage\"},\"image\":{\"@id\":\"https:\/\/iperattivaweb.it\/straborgo2021\/evento\/cinema-allaperto-stand-by-me\/#primaryimage\"},\"thumbnailUrl\":\"https:\/\/iperattivaweb.it\/straborgo2021\/wp-content\/uploads\/2021\/05\/stand-by-me-straborgo.jpg\",\"datePublished\":\"2021-05-26T09:56:25+00:00\",\"dateModified\":\"2021-06-04T16:12:45+00:00\",\"description\":\"Cinema all'aperto: Stand by me diretto da Rob Reiner e tratto dal racconto \u201cIl corpo\u201d (The Body), contenuto nella raccolta di Stephen King.\",\"breadcrumb\":{\"@id\":\"https:\/\/iperattivaweb.it\/straborgo2021\/evento\/cinema-allaperto-stand-by-me\/#breadcrumb\"},\"inLanguage\":\"it-IT\",\"potentialAction\":[{\"@type\":\"ReadAction\",\"target\":[\"https:\/\/iperattivaweb.it\/straborgo2021\/evento\/cinema-allaperto-stand-by-me\/\"]}]},{\"@type\":\"ImageObject\",\"inLanguage\":\"it-IT\",\"@id\":\"https:\/\/iperattivaweb.it\/straborgo2021\/evento\/cinema-allaperto-stand-by-me\/#primaryimage\",\"url\":\"https:\/\/iperattivaweb.it\/straborgo2021\/wp-content\/uploads\/2021\/05\/stand-by-me-straborgo.jpg\",\"contentUrl\":\"https:\/\/iperattivaweb.it\/straborgo2021\/wp-content\/uploads\/2021\/05\/stand-by-me-straborgo.jpg\",\"width\":800,\"height\":600,\"caption\":\"cinema-all-aperto-stand-by-me-straborgo\"},{\"@type\":\"BreadcrumbList\",\"@id\":\"https:\/\/iperattivaweb.it\/straborgo2021\/evento\/cinema-allaperto-stand-by-me\/#breadcrumb\",\"itemListElement\":[{\"@type\":\"ListItem\",\"position\":1,\"name\":\"Home\",\"item\":\"https:\/\/iperattivaweb.it\/straborgo2021\/\"},{\"@type\":\"ListItem\",\"position\":2,\"name\":\"Cinema all\u2019aperto: \u201cStand by me\u201d\"}]},{\"@type\":\"WebSite\",\"@id\":\"https:\/\/iperattivaweb.it\/straborgo2021\/#website\",\"url\":\"https:\/\/iperattivaweb.it\/straborgo2021\/\",\"name\":\"Straborgo\",\"description\":\"La nuova festa dell\u2019estate livornese\",\"potentialAction\":[{\"@type\":\"SearchAction\",\"target\":{\"@type\":\"EntryPoint\",\"urlTemplate\":\"https:\/\/iperattivaweb.it\/straborgo2021\/?s={search_term_string}\"},\"query-input\":{\"@type\":\"PropertyValueSpecification\",\"valueRequired\":true,\"valueName\":\"search_term_string\"}}],\"inLanguage\":\"it-IT\"}]}<\/script>\n<!-- \/ Yoast SEO plugin. -->","yoast_head_json":{"title":"Cinema all'Aperto | Stand By Me | Parco Centro Citt\u00e0 - Straborgo Livorno","description":"Cinema all'aperto: Stand by me diretto da Rob Reiner e tratto dal racconto \u201cIl corpo\u201d (The Body), contenuto nella raccolta di Stephen King.","robots":{"index":"index","follow":"follow","max-snippet":"max-snippet:-1","max-image-preview":"max-image-preview:large","max-video-preview":"max-video-preview:-1"},"canonical":"https:\/\/iperattivaweb.it\/straborgo2021\/evento\/cinema-allaperto-stand-by-me\/","og_locale":"it_IT","og_type":"article","og_title":"Cinema all'Aperto | Stand By Me | Parco Centro Citt\u00e0 - Straborgo Livorno","og_description":"Cinema all'aperto: Stand by me diretto da Rob Reiner e tratto dal racconto \u201cIl corpo\u201d (The Body), contenuto nella raccolta di Stephen King.","og_url":"https:\/\/iperattivaweb.it\/straborgo2021\/evento\/cinema-allaperto-stand-by-me\/","og_site_name":"Straborgo","article_modified_time":"2021-06-04T16:12:45+00:00","og_image":[{"width":800,"height":600,"url":"https:\/\/iperattivaweb.it\/straborgo2021\/wp-content\/uploads\/2021\/05\/stand-by-me-straborgo.jpg","type":"image\/jpeg"}],"twitter_card":"summary_large_image","twitter_misc":{"Tempo di lettura stimato":"1 minuto"},"schema":{"@context":"https:\/\/schema.org","@graph":[{"@type":"WebPage","@id":"https:\/\/iperattivaweb.it\/straborgo2021\/evento\/cinema-allaperto-stand-by-me\/","url":"https:\/\/iperattivaweb.it\/straborgo2021\/evento\/cinema-allaperto-stand-by-me\/","name":"Cinema all'Aperto | Stand By Me | Parco Centro Citt\u00e0 - Straborgo Livorno","isPartOf":{"@id":"https:\/\/iperattivaweb.it\/straborgo2021\/#website"},"primaryImageOfPage":{"@id":"https:\/\/iperattivaweb.it\/straborgo2021\/evento\/cinema-allaperto-stand-by-me\/#primaryimage"},"image":{"@id":"https:\/\/iperattivaweb.it\/straborgo2021\/evento\/cinema-allaperto-stand-by-me\/#primaryimage"},"thumbnailUrl":"https:\/\/iperattivaweb.it\/straborgo2021\/wp-content\/uploads\/2021\/05\/stand-by-me-straborgo.jpg","datePublished":"2021-05-26T09:56:25+00:00","dateModified":"2021-06-04T16:12:45+00:00","description":"Cinema all'aperto: Stand by me diretto da Rob Reiner e tratto dal racconto \u201cIl corpo\u201d (The Body), contenuto nella raccolta di Stephen King.","breadcrumb":{"@id":"https:\/\/iperattivaweb.it\/straborgo2021\/evento\/cinema-allaperto-stand-by-me\/#breadcrumb"},"inLanguage":"it-IT","potentialAction":[{"@type":"ReadAction","target":["https:\/\/iperattivaweb.it\/straborgo2021\/evento\/cinema-allaperto-stand-by-me\/"]}]},{"@type":"ImageObject","inLanguage":"it-IT","@id":"https:\/\/iperattivaweb.it\/straborgo2021\/evento\/cinema-allaperto-stand-by-me\/#primaryimage","url":"https:\/\/iperattivaweb.it\/straborgo2021\/wp-content\/uploads\/2021\/05\/stand-by-me-straborgo.jpg","contentUrl":"https:\/\/iperattivaweb.it\/straborgo2021\/wp-content\/uploads\/2021\/05\/stand-by-me-straborgo.jpg","width":800,"height":600,"caption":"cinema-all-aperto-stand-by-me-straborgo"},{"@type":"BreadcrumbList","@id":"https:\/\/iperattivaweb.it\/straborgo2021\/evento\/cinema-allaperto-stand-by-me\/#breadcrumb","itemListElement":[{"@type":"ListItem","position":1,"name":"Home","item":"https:\/\/iperattivaweb.it\/straborgo2021\/"},{"@type":"ListItem","position":2,"name":"Cinema all\u2019aperto: \u201cStand by me\u201d"}]},{"@type":"WebSite","@id":"https:\/\/iperattivaweb.it\/straborgo2021\/#website","url":"https:\/\/iperattivaweb.it\/straborgo2021\/","name":"Straborgo","description":"La nuova festa dell\u2019estate livornese","potentialAction":[{"@type":"SearchAction","target":{"@type":"EntryPoint","urlTemplate":"https:\/\/iperattivaweb.it\/straborgo2021\/?s={search_term_string}"},"query-input":{"@type":"PropertyValueSpecification","valueRequired":true,"valueName":"search_term_string"}}],"inLanguage":"it-IT"}]}},"_links":{"self":[{"href":"https:\/\/iperattivaweb.it\/straborgo2021\/wp-json\/wp\/v2\/evento\/497","targetHints":{"allow":["GET"]}}],"collection":[{"href":"https:\/\/iperattivaweb.it\/straborgo2021\/wp-json\/wp\/v2\/evento"}],"about":[{"href":"https:\/\/iperattivaweb.it\/straborgo2021\/wp-json\/wp\/v2\/types\/evento"}],"author":[{"embeddable":true,"href":"https:\/\/iperattivaweb.it\/straborgo2021\/wp-json\/wp\/v2\/users\/1"}],"version-history":[{"count":11,"href":"https:\/\/iperattivaweb.it\/straborgo2021\/wp-json\/wp\/v2\/evento\/497\/revisions"}],"predecessor-version":[{"id":984,"href":"https:\/\/iperattivaweb.it\/straborgo2021\/wp-json\/wp\/v2\/evento\/497\/revisions\/984"}],"wp:featuredmedia":[{"embeddable":true,"href":"https:\/\/iperattivaweb.it\/straborgo2021\/wp-json\/wp\/v2\/media\/498"}],"wp:attachment":[{"href":"https:\/\/iperattivaweb.it\/straborgo2021\/wp-json\/wp\/v2\/media?parent=497"}],"wp:term":[{"taxonomy":"category","embeddable":true,"href":"https:\/\/iperattivaweb.it\/straborgo2021\/wp-json\/wp\/v2\/categories?post=497"},{"taxonomy":"post_tag","embeddable":true,"href":"https:\/\/iperattivaweb.it\/straborgo2021\/wp-json\/wp\/v2\/tags?post=497"}],"curies":[{"name":"wp","href":"https:\/\/api.w.org\/{rel}","templated":true}]}}

<div data-elementor-type="wp-post" data-elementor-id="497" class="elementor elementor-497">
						<section class="elementor-section elementor-top-section elementor-element elementor-element-3fb7478e elementor-section-boxed elementor-section-height-default elementor-section-height-default" data-id="3fb7478e" data-element_type="section">
						<div class="elementor-container elementor-column-gap-default">
					<div class="elementor-column elementor-col-100 elementor-top-column elementor-element elementor-element-7e33b7f6" data-id="7e33b7f6" data-element_type="column">
			<div class="elementor-widget-wrap elementor-element-populated">
						<div class="elementor-element elementor-element-b514ad0 elementor-widget elementor-widget-heading" data-id="b514ad0" data-element_type="widget" data-widget_type="heading.default">
				<div class="elementor-widget-container">
					<h2 class="elementor-heading-title elementor-size-default"><span class="orange">---</span>03<span class="orange">/</span>07</h2>				</div>
				</div>
				<div class="elementor-element elementor-element-28a6a6d elementor-widget elementor-widget-heading" data-id="28a6a6d" data-element_type="widget" data-widget_type="heading.default">
				<div class="elementor-widget-container">
					<span class="elementor-heading-title elementor-size-default">ore 22:00
<br>Parco centro città</span>				</div>
				</div>
				<div class="elementor-element elementor-element-c059535 elementor-widget elementor-widget-text-editor" data-id="c059535" data-element_type="widget" data-widget_type="text-editor.default">
				<div class="elementor-widget-container">
									<p><strong>Le salon du cinéma</strong> è una realtà che da otto anni opera sul territorio toscano. La filosofia del nostro progetto è quella di far riavvicinare le persone al cinema portando il cinema anche dove non c’è. L’intento è quello di creare aggregazione e socialità attraverso un mezzo che può diventare il tramite di messaggio importanti e universali. Ecco perché il nostro cinema è itinerante, per abbracciare diverse realtà e comunità che vogliono condividere con noi, oltre la passione per il cinema, anche ideali di amicizia, tolleranza e condivisione.</p><h5><strong>STAND BY ME</strong></h5><p>Un film del 1986 diretto da Rob Reiner e tratto dal racconto “Il corpo” (The Body), contenuto nella raccolta di novelle “Stagioni diverse” di Stephen King.</p><p>Estate 1959, Oregon: un gruppo di quattro ragazzi vengono a scoprire del ritrovamento di un cadavere e decidono di andare a cercarlo, motivati da una sorta di voglia di riscatto.</p>								</div>
				</div>
					</div>
		</div>
					</div>
		</section>
				</div>

<p>&#8212;03/07 ore 22:00 Parco centro città Le salon du cinéma&nbsp;è una realtà che da otto anni opera sul territorio toscano. La filosofia del nostro progetto è quella di far riavvicinare le persone al cinema portando il cinema anche dove non c’è. L’intento è quello di creare aggregazione e socialità attraverso un mezzo che può diventare [&hellip;]</p>

<!-- This site is optimized with the Yoast SEO plugin v26.5 - https://yoast.com/wordpress/plugins/seo/ -->
<title>Cinema all&#039;Aperto | Stand By Me | Parco Centro Città - Straborgo Livorno</title>
<meta name="description" content="Cinema all&#039;aperto: Stand by me diretto da Rob Reiner e tratto dal racconto “Il corpo” (The Body), contenuto nella raccolta di Stephen King." />
<meta name="robots" content="index, follow, max-snippet:-1, max-image-preview:large, max-video-preview:-1" />
<link rel="canonical" href="https://iperattivaweb.it/straborgo2021/evento/cinema-allaperto-stand-by-me/" />
<meta property="og:locale" content="it_IT" />
<meta property="og:type" content="article" />
<meta property="og:title" content="Cinema all&#039;Aperto | Stand By Me | Parco Centro Città - Straborgo Livorno" />
<meta property="og:description" content="Cinema all&#039;aperto: Stand by me diretto da Rob Reiner e tratto dal racconto “Il corpo” (The Body), contenuto nella raccolta di Stephen King." />
<meta property="og:url" content="https://iperattivaweb.it/straborgo2021/evento/cinema-allaperto-stand-by-me/" />
<meta property="og:site_name" content="Straborgo" />
<meta property="article:modified_time" content="2021-06-04T16:12:45+00:00" />
<meta property="og:image" content="https://iperattivaweb.it/straborgo2021/wp-content/uploads/2021/05/stand-by-me-straborgo.jpg" />
	<meta property="og:image:width" content="800" />
	<meta property="og:image:height" content="600" />
	<meta property="og:image:type" content="image/jpeg" />
<meta name="twitter:card" content="summary_large_image" />
<meta name="twitter:label1" content="Tempo di lettura stimato" />
	<meta name="twitter:data1" content="1 minuto" />
<script type="application/ld+json" class="yoast-schema-graph">{"@context":"https://schema.org","@graph":[{"@type":"WebPage","@id":"https://iperattivaweb.it/straborgo2021/evento/cinema-allaperto-stand-by-me/","url":"https://iperattivaweb.it/straborgo2021/evento/cinema-allaperto-stand-by-me/","name":"Cinema all'Aperto | Stand By Me | Parco Centro Città - Straborgo Livorno","isPartOf":{"@id":"https://iperattivaweb.it/straborgo2021/#website"},"primaryImageOfPage":{"@id":"https://iperattivaweb.it/straborgo2021/evento/cinema-allaperto-stand-by-me/#primaryimage"},"image":{"@id":"https://iperattivaweb.it/straborgo2021/evento/cinema-allaperto-stand-by-me/#primaryimage"},"thumbnailUrl":"https://iperattivaweb.it/straborgo2021/wp-content/uploads/2021/05/stand-by-me-straborgo.jpg","datePublished":"2021-05-26T09:56:25+00:00","dateModified":"2021-06-04T16:12:45+00:00","description":"Cinema all'aperto: Stand by me diretto da Rob Reiner e tratto dal racconto “Il corpo” (The Body), contenuto nella raccolta di Stephen King.","breadcrumb":{"@id":"https://iperattivaweb.it/straborgo2021/evento/cinema-allaperto-stand-by-me/#breadcrumb"},"inLanguage":"it-IT","potentialAction":[{"@type":"ReadAction","target":["https://iperattivaweb.it/straborgo2021/evento/cinema-allaperto-stand-by-me/"]}]},{"@type":"ImageObject","inLanguage":"it-IT","@id":"https://iperattivaweb.it/straborgo2021/evento/cinema-allaperto-stand-by-me/#primaryimage","url":"https://iperattivaweb.it/straborgo2021/wp-content/uploads/2021/05/stand-by-me-straborgo.jpg","contentUrl":"https://iperattivaweb.it/straborgo2021/wp-content/uploads/2021/05/stand-by-me-straborgo.jpg","width":800,"height":600,"caption":"cinema-all-aperto-stand-by-me-straborgo"},{"@type":"BreadcrumbList","@id":"https://iperattivaweb.it/straborgo2021/evento/cinema-allaperto-stand-by-me/#breadcrumb","itemListElement":[{"@type":"ListItem","position":1,"name":"Home","item":"https://iperattivaweb.it/straborgo2021/"},{"@type":"ListItem","position":2,"name":"Cinema all’aperto: “Stand by me”"}]},{"@type":"WebSite","@id":"https://iperattivaweb.it/straborgo2021/#website","url":"https://iperattivaweb.it/straborgo2021/","name":"Straborgo","description":"La nuova festa dell’estate livornese","potentialAction":[{"@type":"SearchAction","target":{"@type":"EntryPoint","urlTemplate":"https://iperattivaweb.it/straborgo2021/?s={search_term_string}"},"query-input":{"@type":"PropertyValueSpecification","valueRequired":true,"valueName":"search_term_string"}}],"inLanguage":"it-IT"}]}</script>
<!-- / Yoast SEO plugin. -->

Cinema all'Aperto | Stand By Me | Parco Centro Città - Straborgo Livorno
