{"id":3,"date":"2021-05-20T14:08:57","date_gmt":"2021-05-20T14:08:57","guid":{"rendered":"https:\/\/iperattivaweb.it\/straborgo2021\/?page_id=3"},"modified":"2021-06-04T15:31:02","modified_gmt":"2021-06-04T15:31:02","slug":"privacy-policy","status":"publish","type":"page","link":"https:\/\/iperattivaweb.it\/straborgo2021\/privacy-policy\/","title":{"rendered":"Informativa Privacy"},"content":{"rendered":"\t\t<div data-elementor-type=\"wp-page\" data-elementor-id=\"3\" class=\"elementor elementor-3\">\n\t\t\t\t\t\t<section class=\"elementor-section elementor-top-section elementor-element elementor-element-54e37b6 elementor-section-boxed elementor-section-height-default elementor-section-height-default\" data-id=\"54e37b6\" data-element_type=\"section\">\n\t\t\t\t\t\t<div class=\"elementor-container elementor-column-gap-default\">\n\t\t\t\t\t<div class=\"elementor-column elementor-col-100 elementor-top-column elementor-element elementor-element-4fec324\" data-id=\"4fec324\" data-element_type=\"column\">\n\t\t\t<div class=\"elementor-widget-wrap elementor-element-populated\">\n\t\t\t\t\t\t<div class=\"elementor-element elementor-element-edf4ebe elementor-widget elementor-widget-heading\" data-id=\"edf4ebe\" data-element_type=\"widget\" data-widget_type=\"heading.default\">\n\t\t\t\t<div class=\"elementor-widget-container\">\n\t\t\t\t\t<h1 class=\"elementor-heading-title elementor-size-default\">Informativa Privacy<\/h1>\t\t\t\t<\/div>\n\t\t\t\t<\/div>\n\t\t\t\t<div class=\"elementor-element elementor-element-13e3e56 elementor-widget elementor-widget-text-editor\" data-id=\"13e3e56\" data-element_type=\"widget\" data-widget_type=\"text-editor.default\">\n\t\t\t\t<div class=\"elementor-widget-container\">\n\t\t\t\t\t\t\t\t\t<p><strong>Ai sensi dell\u2019art. 13 del D.Lgs. n. 196\/2003 \u2013 Codice in materia di protezione dei dati personali<\/strong><\/p><p>Questa informativa \u00e8 fornita agli Utenti che interagiscono con i servizi web della Fondazione\u00a0Livorno Euro Mediterranea, accessibili per via telematica a partire dall\u2019indirizzo:\u00a0<a href=\"https:\/\/iperattivaweb.it\/straborgo2021\/\"><strong>www.straborgo.it<\/strong><\/a>.<\/p><p><br \/>La presente informativa descrive le modalit\u00e0 di gestione del sito web ufficiale della Fondazione e NON di tutti gli altri siti web esterni consultabili dall\u2019utente tramite link.<\/p><p>\u00a0<\/p><ol><li><strong> TIPI DI DATI TRATTATI<\/strong><\/li><\/ol><p>1.1. Dati di navigazione \u2013 log files<\/p><p><br \/>I sistemi informatici e gli applicativi dedicati al funzionamento di questo sito web rilevano, nel corso del loro normale funzionamento, alcuni dati (la cui trasmissione \u00e8 implicita nell\u2019uso dei protocolli di comunicazione di Internet) non associati a Utenti direttamente identificabili.<br \/>Tra i dati raccolti sono compresi gli indirizzi IP e i nomi di dominio dei computer utilizzati dagli Utenti che si connettono al sito, gli indirizzi in notazione URI (Uniform Resource Identifier) delle risorse richieste, l\u2019orario della richiesta, il metodo utilizzato nel sottoporre la richiesta al server, la dimensione del file ottenuto in risposta, il codice numerico indicante lo stato della risposta data dal server (buon fine, errore, ecc.) e altri parametri riguardanti il sistema operativo e l\u2019ambiente informatico utilizzato dall\u2019Utente.<\/p><p><br \/>Questi dati vengono trattati, per il tempo strettamente necessario, al solo fine di ricavare informazioni statistiche anonime sull\u2019uso del sito e per controllarne il regolare funzionamento, o nel caso di ordine di esibizione da parte dell\u2019autorit\u00e0 giudiziaria.<\/p><p>\u00a0<\/p><p>1.2. Dati forniti volontariamente dall\u2019utente<br \/>L\u2019invio volontario e esplicito di posta elettronica agli indirizzi indicati nei differenti canali di accesso di questo sito e la compilazione dei \u201cmoduli\u201d (maschere) specificamente predisposti comportano la successiva acquisizione dell\u2019indirizzo e dei dati del mittente\/utente, necessari per rispondere alle istanze prodotte e\/o erogare il servizio richiesto.<\/p><p><br \/>Specifiche informative di sintesi saranno riportate o visualizzate nelle pagine del sito predisposte per particolari servizi a richiesta.<\/p><p>\u00a0<\/p><ol start=\"2\"><li><strong> FINALIT\u00c0 DEL TRATTAMENTO DEI DATI<\/strong><\/li><\/ol><p><strong>\u00a0<\/strong><\/p><p>La Fondazione\u00a0Livorno Euro Mediterranea effettua trattamenti di dati personali nei limiti di quanto ci\u00f2 sia strettamente necessario allo svolgimento delle funzioni istituzionali, escludendo il trattamento quando le finalit\u00e0 perseguite possono essere realizzate mediante dati anonimi o modalit\u00e0 che permettono di identificare l\u2019interessato solo in caso di necessit\u00e0.<br \/>Specifiche finalit\u00e0, relative ai singoli trattamenti, potranno essere segnalate in maniera dettagliata nell\u2019ambito dei vari canali di accesso. All\u2019interno di essi l\u2019Utente potr\u00e0 trovare informazioni integrative sul trattamento dei dati personali.<\/p><p>\u00a0<\/p><ol start=\"3\"><li><strong> MODALIT\u00c0 DEL TRATTAMENTO<\/strong><\/li><\/ol><p>I dati personali sono trattati con strumenti automatizzati per il tempo strettamente necessario a conseguire gli scopi per cui sono raccolti.<\/p><p>\u00a0<\/p><ol start=\"4\"><li><strong> FACOLTATIVIT\u00c0 DEL CONFERIMENTO DEI DATI<\/strong><\/li><\/ol><p><strong>\u00a0<\/strong><\/p><p>L\u2019utente \u00e8 libero di fornire i dati personali riportati nei moduli di richiesta dei vari servizi offerti nel sito; il mancato conferimento dei dati richiesti obbligatoriamente, comporter\u00e0 l\u2019impossibilit\u00e0 di ottenere il servizio.<\/p><p>\u00a0<\/p><ol start=\"5\"><li><strong> COMUNICAZIONE E\/O DIFFUSIONE DEI DATI<\/strong><\/li><\/ol><p>I dati personali degli utenti che chiedono l\u2019invio di materiale informativo (mailing-list, risposte a quesiti, avvisi e newsletter, atti e provvedimenti, ecc.) sono utilizzati unicamente al fine di eseguire il servizio o la prestazione richiesta e sono comunicati a terzi nei soli casi in cui:<br \/>\u2013 ci\u00f2 \u00e8 necessario per l\u2019adempimento delle richieste (es. servizio di spedizione della documentazione richiesta);<br \/>\u2013 la comunicazione \u00e8 imposta da obblighi di legge o di regolamento.<\/p><p>\u00a0<\/p><ol start=\"6\"><li><strong> COOKIES<\/strong><\/li><\/ol><p>La Fondazione\u00a0Livorno Euro Mediterranea comunica che su questo sito \u00e8 inoltre in corso una rilevazione statistica tramite l\u2019utilizzo dello strumento Google Analytics, che utilizza cookies e altri parametri di analisi secondo le modalit\u00e0 illustrate dal documento relativo alle Norme generiche sulla privacy e dal documento specifico in merito all\u2019utilizzo delle informazioni raccolte con Google Analytics. La Fondazione\u00a0Livorno Euro Mediterranea garantisce che, nei casi di navigazione anonima, cio\u00e8 non autenticata:<br \/>\u2013 nessun dato personale degli utenti sar\u00e0 di proposito acquisito dal sito;<br \/>\u2013 non sar\u00e0 fatto uso di cookies per la trasmissione di informazioni di carattere personale, n\u00e9 saranno utilizzati cookies persistenti di alcun tipo, ovvero sistemi per il tracciamento degli utenti;<br \/>\u2013 l\u2019uso di cookies di sessione sar\u00e0 strettamente limitato alla trasmissione di identificativi di sessione (costituiti da numeri casuali generati dal server) necessari per consentire l\u2019esplorazione sicura e efficiente del sito;<br \/>\u2013 l\u2019utilizzo di cookies permanenti sar\u00e0 strettamente limitato all\u2019acquisizione di dati statistici relativi all\u2019accesso al sito e\/o per mantenere le preferenze dell\u2019utente (lingua, layout, etc.).<\/p><p>\u00a0<\/p><ol start=\"7\"><li><strong> TITOLARE E RESPONSABILE DEL TRATTAMENTO<\/strong><\/li><\/ol><p>Il titolare del trattamento dei dati, relativi a persone identificate o identificabili che hanno consultato questo sito, \u00e8 il Fondazione\u00a0Livorno Euro Mediterranea, con sede a Livorno in Largo del Cisternino 13.<\/p><p>\u00a0<\/p><ol start=\"8\"><li><strong> DIRITTI DEGLI INTERESSATI<\/strong><\/li><\/ol><p>Gli \u201cinteressati\u201d, ovvero le persone fisiche, le persone giuridiche, gli enti o le associazioni, cui si riferiscono i dati hanno il diritto, in qualunque momento, di ottenere la conferma dell\u2019esistenza o meno dei medesimi dati e di conoscerne il contenuto e l\u2019origine, verificarne l\u2019esattezza o chiederne l\u2019integrazione o l\u2019aggiornamento, oppure la rettifica ai sensi dell\u2019art. 7 del D.Lgs. 196\/2003. Ai sensi del medesimo articolo gli interessati hanno altres\u00ec il diritto di chiedere la cancellazione, la trasformazione in forma anonima o il blocco dei dati che li riguardano, trattati in violazione di legge, nonch\u00e9 di opporsi in ogni caso, per motivi legittimi, al loro trattamento.<\/p>\t\t\t\t\t\t\t\t<\/div>\n\t\t\t\t<\/div>\n\t\t\t\t\t<\/div>\n\t\t<\/div>\n\t\t\t\t\t<\/div>\n\t\t<\/section>\n\t\t\t\t<\/div>\n\t\t","protected":false},"excerpt":{"rendered":"<p>Informativa Privacy Ai sensi dell\u2019art. 13 del D.Lgs. n. 196\/2003 \u2013 Codice in materia di protezione dei dati personali Questa informativa \u00e8 fornita agli Utenti che interagiscono con i servizi web della Fondazione\u00a0Livorno Euro Mediterranea, accessibili per via telematica a partire dall\u2019indirizzo:\u00a0www.straborgo.it. La presente informativa descrive le modalit\u00e0 di gestione del sito web ufficiale della [&hellip;]<\/p>\n","protected":false},"author":1,"featured_media":0,"parent":0,"menu_order":0,"comment_status":"closed","ping_status":"open","template":"","meta":{"footnotes":""},"class_list":["post-3","page","type-page","status-publish","hentry"],"yoast_head":"<!-- This site is optimized with the Yoast SEO plugin v26.5 - https:\/\/yoast.com\/wordpress\/plugins\/seo\/ -->\n<title>Informativa Privacy - Straborgo<\/title>\n<meta name=\"robots\" content=\"index, follow, max-snippet:-1, max-image-preview:large, max-video-preview:-1\" \/>\n<link rel=\"canonical\" href=\"https:\/\/iperattivaweb.it\/straborgo2021\/privacy-policy\/\" \/>\n<meta property=\"og:locale\" content=\"it_IT\" \/>\n<meta property=\"og:type\" content=\"article\" \/>\n<meta property=\"og:title\" content=\"Informativa Privacy - Straborgo\" \/>\n<meta property=\"og:description\" content=\"Informativa Privacy Ai sensi dell\u2019art. 13 del D.Lgs. n. 196\/2003 \u2013 Codice in materia di protezione dei dati personali Questa informativa \u00e8 fornita agli Utenti che interagiscono con i servizi web della Fondazione\u00a0Livorno Euro Mediterranea, accessibili per via telematica a partire dall\u2019indirizzo:\u00a0www.straborgo.it. La presente informativa descrive le modalit\u00e0 di gestione del sito web ufficiale della [&hellip;]\" \/>\n<meta property=\"og:url\" content=\"https:\/\/iperattivaweb.it\/straborgo2021\/privacy-policy\/\" \/>\n<meta property=\"og:site_name\" content=\"Straborgo\" \/>\n<meta property=\"article:modified_time\" content=\"2021-06-04T15:31:02+00:00\" \/>\n<meta name=\"twitter:card\" content=\"summary_large_image\" \/>\n<meta name=\"twitter:label1\" content=\"Tempo di lettura stimato\" \/>\n\t<meta name=\"twitter:data1\" content=\"4 minuti\" \/>\n<script type=\"application\/ld+json\" class=\"yoast-schema-graph\">{\"@context\":\"https:\/\/schema.org\",\"@graph\":[{\"@type\":\"WebPage\",\"@id\":\"https:\/\/iperattivaweb.it\/straborgo2021\/privacy-policy\/\",\"url\":\"https:\/\/iperattivaweb.it\/straborgo2021\/privacy-policy\/\",\"name\":\"Informativa Privacy - Straborgo\",\"isPartOf\":{\"@id\":\"https:\/\/iperattivaweb.it\/straborgo2021\/#website\"},\"datePublished\":\"2021-05-20T14:08:57+00:00\",\"dateModified\":\"2021-06-04T15:31:02+00:00\",\"breadcrumb\":{\"@id\":\"https:\/\/iperattivaweb.it\/straborgo2021\/privacy-policy\/#breadcrumb\"},\"inLanguage\":\"it-IT\",\"potentialAction\":[{\"@type\":\"ReadAction\",\"target\":[\"https:\/\/iperattivaweb.it\/straborgo2021\/privacy-policy\/\"]}]},{\"@type\":\"BreadcrumbList\",\"@id\":\"https:\/\/iperattivaweb.it\/straborgo2021\/privacy-policy\/#breadcrumb\",\"itemListElement\":[{\"@type\":\"ListItem\",\"position\":1,\"name\":\"Home\",\"item\":\"https:\/\/iperattivaweb.it\/straborgo2021\/\"},{\"@type\":\"ListItem\",\"position\":2,\"name\":\"Informativa Privacy\"}]},{\"@type\":\"WebSite\",\"@id\":\"https:\/\/iperattivaweb.it\/straborgo2021\/#website\",\"url\":\"https:\/\/iperattivaweb.it\/straborgo2021\/\",\"name\":\"Straborgo\",\"description\":\"La nuova festa dell\u2019estate livornese\",\"potentialAction\":[{\"@type\":\"SearchAction\",\"target\":{\"@type\":\"EntryPoint\",\"urlTemplate\":\"https:\/\/iperattivaweb.it\/straborgo2021\/?s={search_term_string}\"},\"query-input\":{\"@type\":\"PropertyValueSpecification\",\"valueRequired\":true,\"valueName\":\"search_term_string\"}}],\"inLanguage\":\"it-IT\"}]}<\/script>\n<!-- \/ Yoast SEO plugin. -->","yoast_head_json":{"title":"Informativa Privacy - Straborgo","robots":{"index":"index","follow":"follow","max-snippet":"max-snippet:-1","max-image-preview":"max-image-preview:large","max-video-preview":"max-video-preview:-1"},"canonical":"https:\/\/iperattivaweb.it\/straborgo2021\/privacy-policy\/","og_locale":"it_IT","og_type":"article","og_title":"Informativa Privacy - Straborgo","og_description":"Informativa Privacy Ai sensi dell\u2019art. 13 del D.Lgs. n. 196\/2003 \u2013 Codice in materia di protezione dei dati personali Questa informativa \u00e8 fornita agli Utenti che interagiscono con i servizi web della Fondazione\u00a0Livorno Euro Mediterranea, accessibili per via telematica a partire dall\u2019indirizzo:\u00a0www.straborgo.it. La presente informativa descrive le modalit\u00e0 di gestione del sito web ufficiale della [&hellip;]","og_url":"https:\/\/iperattivaweb.it\/straborgo2021\/privacy-policy\/","og_site_name":"Straborgo","article_modified_time":"2021-06-04T15:31:02+00:00","twitter_card":"summary_large_image","twitter_misc":{"Tempo di lettura stimato":"4 minuti"},"schema":{"@context":"https:\/\/schema.org","@graph":[{"@type":"WebPage","@id":"https:\/\/iperattivaweb.it\/straborgo2021\/privacy-policy\/","url":"https:\/\/iperattivaweb.it\/straborgo2021\/privacy-policy\/","name":"Informativa Privacy - Straborgo","isPartOf":{"@id":"https:\/\/iperattivaweb.it\/straborgo2021\/#website"},"datePublished":"2021-05-20T14:08:57+00:00","dateModified":"2021-06-04T15:31:02+00:00","breadcrumb":{"@id":"https:\/\/iperattivaweb.it\/straborgo2021\/privacy-policy\/#breadcrumb"},"inLanguage":"it-IT","potentialAction":[{"@type":"ReadAction","target":["https:\/\/iperattivaweb.it\/straborgo2021\/privacy-policy\/"]}]},{"@type":"BreadcrumbList","@id":"https:\/\/iperattivaweb.it\/straborgo2021\/privacy-policy\/#breadcrumb","itemListElement":[{"@type":"ListItem","position":1,"name":"Home","item":"https:\/\/iperattivaweb.it\/straborgo2021\/"},{"@type":"ListItem","position":2,"name":"Informativa Privacy"}]},{"@type":"WebSite","@id":"https:\/\/iperattivaweb.it\/straborgo2021\/#website","url":"https:\/\/iperattivaweb.it\/straborgo2021\/","name":"Straborgo","description":"La nuova festa dell\u2019estate livornese","potentialAction":[{"@type":"SearchAction","target":{"@type":"EntryPoint","urlTemplate":"https:\/\/iperattivaweb.it\/straborgo2021\/?s={search_term_string}"},"query-input":{"@type":"PropertyValueSpecification","valueRequired":true,"valueName":"search_term_string"}}],"inLanguage":"it-IT"}]}},"_links":{"self":[{"href":"https:\/\/iperattivaweb.it\/straborgo2021\/wp-json\/wp\/v2\/pages\/3","targetHints":{"allow":["GET"]}}],"collection":[{"href":"https:\/\/iperattivaweb.it\/straborgo2021\/wp-json\/wp\/v2\/pages"}],"about":[{"href":"https:\/\/iperattivaweb.it\/straborgo2021\/wp-json\/wp\/v2\/types\/page"}],"author":[{"embeddable":true,"href":"https:\/\/iperattivaweb.it\/straborgo2021\/wp-json\/wp\/v2\/users\/1"}],"replies":[{"embeddable":true,"href":"https:\/\/iperattivaweb.it\/straborgo2021\/wp-json\/wp\/v2\/comments?post=3"}],"version-history":[{"count":6,"href":"https:\/\/iperattivaweb.it\/straborgo2021\/wp-json\/wp\/v2\/pages\/3\/revisions"}],"predecessor-version":[{"id":958,"href":"https:\/\/iperattivaweb.it\/straborgo2021\/wp-json\/wp\/v2\/pages\/3\/revisions\/958"}],"wp:attachment":[{"href":"https:\/\/iperattivaweb.it\/straborgo2021\/wp-json\/wp\/v2\/media?parent=3"}],"curies":[{"name":"wp","href":"https:\/\/api.w.org\/{rel}","templated":true}]}}